inder when c is divided by (z/(-6))/((-1)/3)?
16
Suppose -108*z - 17937 = -47961. Calculate the remainder when z is divided by 2/(-1) - (0 - 16).
12
Let c be (3/6 + (5 - 3))*2. Suppose 0 = 4*v + c*w - 589, 2*v = -9*w + 12*w + 289. What is the remainder when v is divided by (-17)/34 - (-75)/2?
35
Let h(c) = 193*c**3 + 8*c**2 - 14*c + 10. What is the remainder when 3337 is divided by h(1)?
185
Suppose -4*h = z - 14, 0 = -6*z + 5*z + 2*h + 20. Calculate the remainder when 140 is divided by z.
14
Let i(o) = 2*o**2 - 2*o + 149. Let w be ((-13)/(-34) + (-10)/(-85))*0. Calculate the remainder when i(w) is divided by 39.
32
Suppose 456 = -2*n + 6*n. Calculate the remainder when n is divided by (-7 + 2595/105)/(12/(-14))*-3.
52
Let u = -104 - -183. Suppose 5*r + 10 = 0, -15*f + 10*f - 4*r + 2742 = 0. What is the remainder when f is divided by u?
76
Suppose -2*q = 2, 3*g - 5*q + 82 = -0*q. Let f = g + 63. Let k = f - 30. Calculate the remainder when 6 is divided by k.
2
Suppose -21*a = -22*a + 254. Suppose 3*f = -p + 6*p - 253, -a = -5*p + 4*f. Calculate the remainder when p is divided by 7.
1
Let k(s) = s**2 - 19*s + 9. Let t be k(20). Let i = 32 - t. Suppose v - 110 = 5*z - 23, -i*v - 2*z + 227 = 0. What is the remainder when v is divided by 40?
37
Let h be (-127)/(-8) - (-10)/160*2. What is the remainder when ((-5)/(-30)*h)/(3/54) is divided by 30?
18
Let t(n) = n**3 - 8*n**2 - 6*n - 21. Let s be t(9). Let z be -64 + (s + -2 - 0). Let k = z - -113. Calculate the remainder when k is divided by 8.
5
Let b(t) = -t**2 - 40*t - 121. What is the remainder when 425 is divided by b(-32)?
20
Let o = 35585 + -34272. Calculate the remainder when 1330 is divided by o.
17
What is the remainder when (2040/(-90))/(24/(-162)) is divided by 15?
3
Suppose 13*h - 54792 = 31515. Calculate the remainder when h is divided by 10.
9
Let d = -77 - -84. Suppose -10*v + d*v = -171. What is the remainder when 225 is divided by v?
54
Let i = 47 + -30. Let h = -89 + 92. Suppose h*a = 3*x + 2*x + 7, -22 = -2*a - x. Calculate the remainder when i is divided by a.
8
Suppose -25 - 1127 = -4*q. Suppose 422 + q = 10*j. What is the remainder when j is divided by 19?
14
Let t(u) = 258*u + 1330. Calculate the remainder when 1373 is divided by t(-5).
13
Suppose 34*l - 35*l = -32. Suppose 5*j + 7*u = 3*u + 164, -3*j + 92 = -4*u. What is the remainder when l is divided by j?
0
Suppose 0 = 1249*o - 1261*o + 8916. Calculate the remainder when o is divided by 230.
53
What is the remainder when 1844 is divided by ((-5340)/(-623))/(10/28)?
20
Suppose 7*l - 11*l = h + 646, -800 = 5*l + 5*h. Calculate the remainder when ((-1)/6*2)/(2/l) is divided by 7.
6
Let g(v) = 12*v**2 - 101*v - 3. Calculate the remainder when 650 is divided by g(9).
50
Let m = 500 + -481. Let p be 4/(-14) + (-3924)/(-14). Suppose -g - p = -6*g. What is the remainder when g is divided by m?
18
Suppose 75*h - 80*h - 3*j = -82, -h + 2*j + 19 = 0. Calculate the remainder when 183 is divided by h.
13
Suppose -2293 = 36*c - 16117. What is the remainder when c is divided by 146?
92
Let v be 5/3 + ((-24)/9)/(-8). Let g(t) = 4*t + 5*t + 15 + v*t - 2*t. Calculate the remainder when g(8) is divided by 18.
15
Let i(m) = -m**3 + 29*m**2 + 47*m - 125. Let r be i(30). Let c = -303 + r. Calculate the remainder when c is divided by 14.
12
Suppose y = -2*z + 7 + 279, 2*y = 2*z + 578. Calculate the remainder when y is divided by 105.
78
Let l = 17583 + -17521. What is the remainder when 243 is divided by l?
57
Suppose -2*m - 2*o = -46, -4*m - 267*o + 98 = -266*o. What is the remainder when m is divided by 12?
1
Suppose -42*n = -2*c - 38*n + 108, 5*c + n - 292 = 0. What is the remainder when 192 is divided by c?
18
Suppose -4*v - 4*p - 960 = -2360, -4*p - 20 = 0. What is the remainder when v is divided by 301?
54
Let a(z) = z**3 - 32*z**2 + 50*z - 375. Let k = 75 - 11. Let i = k + -28. What is the remainder when a(31) is divided by i?
34
Calculate the remainder when 15156 is divided by (-6 + 4)*2067/(-78).
51
Let s(c) = -c**3 - 9*c**2 - 11*c. Let i be s(-8). Calculate the remainder when (141/6)/(2/4) is divided by (-54)/i*(0 - 4) - -3.
11
Let h(z) = 3*z**3 - 14*z**2 + 4*z - 4. Calculate the remainder when h(6) is divided by 47.
23
Suppose -4*v - 5*c + 520 = 0, v = 38*c - 42*c + 130. Calculate the remainder when 5194 is divided by v.
124
Suppose -280 = 2*y - 5*q + q, 2*q = -5*y - 676. Let u = -127 - y. Calculate the remainder when 60 is divided by u.
6
Let a(b) = -5*b**3 + 144*b**2 + 24*b + 191. Let n = -497 + 734. What is the remainder when n is divided by a(29)?
7
Suppose h + h = -3*q + 119, -4*q = 4*h - 236. Suppose h + 152 = 35*k. What is the remainder when 12 is divided by k?
0
Let i = -22 + 164. Suppose 0 = -5*o + i + 43. What is the remainder when 65 is divided by o?
28
Let l(t) = -2*t**2 + 62*t - 2. Let s be l(29). Suppose -5*q + s = q. Calculate the remainder when 87 is divided by q.
11
Suppose 9*w = -w + 1092 - 782. Let m = 171 - 90. Calculate the remainder when m is divided by w.
19
Suppose 10*c = 6*c, 0 = 3*r + 4*c - 0*c - 243. What is the remainder when 1194 is divided by r?
60
Suppose d = 6 - 1. Let c(j) = 3 + 2 + d*j - 15 - 4. What is the remainder when 63 is divided by c(5)?
8
Suppose 0*b - 68 = -b. Let v(c) = -36 + 74*c + 10 - c**2 - 47*c. What is the remainder when b is divided by v(25)?
20
Let u(a) = -a**2 + 17*a - 25. Let b be u(13). Let g = b + 22. Calculate the remainder when g is divided by 26.
23
Let f = -336 - -372. Suppose 0 = -334*z + 328*z + f. What is the remainder when 33 is divided by z?
3
Suppose -5*h + 174 = -2*f - 520, f = -2*h + 274. Calculate the remainder when h is divided by 20.
18
Let j be (-2)/(-19) + 80304/(-456). Let r = -70 - j. What is the remainder when r is divided by 18?
16
Let s = -208 - -209. Suppose 8*a - 17 + s = 0. What is the remainder when 28 is divided by a?
0
Let f(n) = -692*n - 8261. Calculate the remainder when 80 is divided by f(-12).
37
Suppose 3*z = -2*b + 75, -3*b + 36 = -4*z - 85. Suppose y + 4*v = 184, 5*v + 674 = -4*y + 1322. What is the remainder when y is divided by b?
35
Let d(c) = -c**3 - 19*c**2 + 15*c + 345. Calculate the remainder when 1919 is divided by d(-19).
59
Suppose 0 = -2*x - 3*y + 16, 3*x - 3*y = -y + 24. Let z(p) = 7*p**2 - 2*p + 13. What is the remainder when z(2) is divided by x?
5
Let u be (20/15 - (-2)/3)*-3. What is the remainder when 77 is divided by (u/(-8)*-2)/((-46)/828)?
23
Calculate the remainder when (17328/9 - 8) + (2 + -4)/6 is divided by 192.
189
Let q = -1738 + 1743. Calculate the remainder when q is divided by (-3 - -2)/(((-5)/2)/5).
1
Let q be 3 - (-1 - -6 - 2) - -30. Let g = q + -9. Let x(r) = 4*r + 17. What is the remainder when x(g) is divided by 29?
14
Let f = -9833 + 10802. What is the remainder when f is divided by 211?
125
Suppose -20 = -14*d + 19*d, 0 = -3*j + 9*d + 891. Calculate the remainder when j is divided by (-3)/3 + 0 + 49.
45
Let f(r) = -2*r**2 - 56*r + 373. What is the remainder when 2015 is divided by f(-7)?
14
Calculate the remainder when 2121 is divided by (-42)/7*(-2)/9*(-1062)/(-12).
115
Let j(v) = -v**2 - 4. Let q be j(-3). Let c = 40 + q. Let y(p) = 12*p**2 - 3*p + 10. Calculate the remainder when y(2) is divided by c.
25
Let q(c) = 5*c**2 + 9*c - 6. Let k be q(-7). Suppose 128 = -3*r + k. What is the remainder when 41 is divided by r?
9
Calculate the remainder when 348 + (5/(-2))/(26/(-52)) is divided by 71.
69
Suppose 5*g = 3*w - 198, 3*w - 2*g + 3*g = 198. Let l be (w/12 + -6)/((-1)/(-338)). Calculate the remainder when (-4)/6*(1 + l) is divided by 29.
25
Suppose 31*u = 26*u + 1585. Let q = u + -294. Calculate the remainder when 47 is divided by q.
1
Let u be 46/3 - (-3)/27*6. What is the remainder when 130 is divided by ((-3)/(-6))/(2/u)?
2
Let g be ((-1)/2)/((-84)/56)*-6. Calculate the remainder when 206 is divided by (-2 + 3)/(g + (-135)/(-65)).
11
Let j = 3 - -16. Let z(p) = -p**3 + 24*p**2 + 46*p + 167. Let f be z(26). Calculate the remainder when (88/f - -2) + 138 is divided by j.
15
Suppose 7 + 1 = 4*f. Suppose -f*m = -6*m + 296. Suppose 4*s = -s + 5*g + 195, 2*s + 2*g = m. What is the remainder when s is divided by 8?
6
Calculate the remainder when 6743 is divided by 1126 - (3 - 23/(-23)).
11
Let s = 8486 + 